{"id":58,"date":"2024-03-15T02:51:36","date_gmt":"2024-03-15T01:51:36","guid":{"rendered":"https:\/\/ninataeuber2.wordpress.com\/kontakt\/"},"modified":"2024-04-27T08:37:50","modified_gmt":"2024-04-27T08:37:50","slug":"jetzt-kontakt-aufnehmen","status":"publish","type":"page","link":"https:\/\/immobilienbewertung-schoberth.de\/?page_id=58","title":{"rendered":"Kontakt"},"content":{"rendered":"\n<div style=\"height:25px\" aria-hidden=\"true\" class=\"wp-block-spacer\"><\/div>\n\n\n\n<div class=\"wp-block-cover alignfull is-light\" style=\"margin-top:0;margin-bottom:0;padding-top:var(--wp--preset--spacing--20);padding-right:var(--wp--preset--spacing--40);padding-bottom:var(--wp--preset--spacing--20);padding-left:var(--wp--preset--spacing--40);min-height:372px;aspect-ratio:unset;\"><span aria-hidden=\"true\" class=\"wp-block-cover__background has-theme-3-background-color has-background-dim-0 has-background-dim\"><\/span><img loading=\"lazy\" decoding=\"async\" width=\"1024\" height=\"615\" class=\"wp-block-cover__image-background wp-image-101\" alt=\"Es zeigt ein Foto von den D\u00e4chern verschiedener Immobilien in Bayreuth, Oberfranken, Nordbayern in Deutschland auf der Kontakt-Seite f\u00fcr die Erstellung von Gutachten in der Immobilienbewertung.\" src=\"https:\/\/immobilienbewertung-schoberth.de\/wp-content\/uploads\/2024\/03\/swutzart46-1.jpg\" style=\"object-position:79% 42%\" data-object-fit=\"cover\" data-object-position=\"79% 42%\" srcset=\"https:\/\/immobilienbewertung-schoberth.de\/wp-content\/uploads\/2024\/03\/swutzart46-1.jpg 1024w, https:\/\/immobilienbewertung-schoberth.de\/wp-content\/uploads\/2024\/03\/swutzart46-1-300x180.jpg 300w, https:\/\/immobilienbewertung-schoberth.de\/wp-content\/uploads\/2024\/03\/swutzart46-1-768x461.jpg 768w\" sizes=\"auto, (max-width: 1024px) 100vw, 1024px\" \/><div class=\"wp-block-cover__inner-container has-global-padding is-layout-constrained wp-container-core-cover-is-layout-03798b93 wp-block-cover-is-layout-constrained\">\n<p class=\"has-text-align-center has-large-font-size\"><\/p>\n<\/div><\/div>\n\n\n\n<div style=\"height:12px\" aria-hidden=\"true\" class=\"wp-block-spacer\"><\/div>\n\n\n\n<div class=\"wp-block-group alignfull has-global-padding is-content-justification-left is-layout-constrained wp-container-core-group-is-layout-958becf1 wp-block-group-is-layout-constrained\" style=\"margin-top:0;margin-bottom:0;padding-top:calc( 0.5 * var(--wp--style--root--padding-right, var(--wp--custom--gap--horizontal)));padding-right:var(--wp--style--root--padding-right, var(--wp--custom--gap--horizontal));padding-bottom:calc( 0.5 * var(--wp--style--root--padding-right, var(--wp--custom--gap--horizontal)));padding-left:var(--wp--style--root--padding-left, var(--wp--custom--gap--horizontal))\">\n<div class=\"wp-block-columns alignwide is-layout-flex wp-container-core-columns-is-layout-7fc3d43a wp-block-columns-is-layout-flex\">\n<div class=\"wp-block-column is-layout-flow wp-block-column-is-layout-flow\" style=\"flex-basis:10000px\">\n<p class=\"has-medium-font-size\"><strong>Nehmen Sie jetzt Kontakt mit uns auf! Wir freuen uns, von Ihnen zu h\u00f6ren!<br><\/strong><\/p>\n\n\n\n<p class=\"has-medium-font-size\">Klingeln Sie gerne durch, falls Sie unseren Service au\u00dferhalb unseres <a href=\"https:\/\/immobilienbewertung-schoberth.de\/?page_id=273\">T\u00e4tigkeitsbereichs<\/a> ben\u00f6tigen. <br><br>Bei allgemeinen Fragen k\u00f6nnen Sie gerne zu den unten angegebenen B\u00fcrozeiten per Telefon Kontakt aufnehmen. <br>F\u00fcr spezifischere Fragen bitte ich Sie, uns notwendige Informationen per Mail an die unten angegeben E-Mail Adresse zu senden.<br><\/p>\n<\/div>\n\n\n\n<div class=\"wp-block-column is-layout-flow wp-block-column-is-layout-flow\" style=\"flex-basis:40%\"><\/div>\n<\/div>\n\n\n\n<div style=\"height:18px\" aria-hidden=\"true\" class=\"wp-block-spacer\"><\/div>\n\n\n\n<div class=\"wp-block-columns alignwide is-layout-flex wp-container-core-columns-is-layout-28f84493 wp-block-columns-is-layout-flex\">\n<div class=\"wp-block-column is-layout-flow wp-block-column-is-layout-flow\" style=\"flex-basis:35%\">\n<h3 class=\"wp-block-heading\">Kontaktinformationen<\/h3>\n\n\n\n<div style=\"height:var(--wp--preset--spacing--10)\" aria-hidden=\"true\" class=\"wp-block-spacer\"><\/div>\n<\/div>\n\n\n\n<div class=\"wp-block-column is-layout-flow wp-block-column-is-layout-flow\">\n<figure class=\"wp-block-table\"><table class=\"has-border-color\" style=\"border-color:#ffffff52\"><tbody><tr><td>Telefon:<br>+49 171 &#8211; 8512960<\/td><\/tr><tr><td>E-Mail:<br><a href=\"mailto:immobilienbewertung-schoberth@web.de\" target=\"_blank\" rel=\"noreferrer noopener\">immobilienbewertung-schoberth@web.de<\/a><\/td><\/tr><tr><td>Montag &#8211; Freitag<br>08:00 &#8211; 18:00 Uhr<\/td><\/tr><\/tbody><\/table><\/figure>\n\n\n\n<div style=\"height:calc( 0.25 * var(--wp--style--root--padding-right, var(--wp--custom--gap--horizontal)))\" aria-hidden=\"true\" class=\"wp-block-spacer\"><\/div>\n<\/div>\n<\/div>\n<\/div>\n","protected":false},"excerpt":{"rendered":"<p>Nehmen Sie jetzt Kontakt mit uns auf! Wir freuen uns, von Ihnen zu h\u00f6ren! Klingeln Sie gerne durch, falls Sie unseren Service au\u00dferhalb unseres T\u00e4tigkeitsbereichs ben\u00f6tigen. Bei allgemeinen Fragen k\u00f6nnen Sie gerne zu den unten angegebenen B\u00fcrozeiten per Telefon Kontakt aufnehmen. F\u00fcr spezifischere Fragen bitte ich Sie, uns notwendige Informationen per Mail an die unten [&hellip;]<\/p>\n","protected":false},"author":1,"featured_media":0,"parent":0,"menu_order":0,"comment_status":"closed","ping_status":"closed","template":"page-no-title","meta":{"footnotes":""},"class_list":["post-58","page","type-page","status-publish","hentry"],"yoast_head":"<!-- This site is optimized with the Yoast SEO plugin v27.5 - https:\/\/yoast.com\/product\/yoast-seo-wordpress\/ -->\n<title>Kontakt - Immobilienbewertung Sabine Schoberth<\/title>\n<meta name=\"description\" content=\"Nehmen Sie jetzt Kontakt mit uns auf, um eine Einsch\u00e4tzung und Gutachten f\u00fcr ihre Immobilie zu erhalten. Egal wo in Nordbayern.\" \/>\n<meta name=\"robots\" content=\"index, follow, max-snippet:-1, max-image-preview:large, max-video-preview:-1\" \/>\n<link rel=\"canonical\" href=\"https:\/\/immobilienbewertung-schoberth.de\/?page_id=58\" \/>\n<meta property=\"og:locale\" content=\"de_DE\" \/>\n<meta property=\"og:type\" content=\"article\" \/>\n<meta property=\"og:title\" content=\"Kontakt - Immobilienbewertung Sabine Schoberth\" \/>\n<meta property=\"og:description\" content=\"Nehmen Sie jetzt Kontakt mit uns auf, um eine Einsch\u00e4tzung und Gutachten f\u00fcr ihre Immobilie zu erhalten. Egal wo in Nordbayern.\" \/>\n<meta property=\"og:url\" content=\"https:\/\/immobilienbewertung-schoberth.de\/?page_id=58\" \/>\n<meta property=\"og:site_name\" content=\"Immobilienbewertung Sabine Schoberth\" \/>\n<meta property=\"article:modified_time\" content=\"2024-04-27T08:37:50+00:00\" \/>\n<meta property=\"og:image\" content=\"https:\/\/immobilienbewertung-schoberth.de\/wp-content\/uploads\/2024\/03\/swutzart46-1.jpg\" \/>\n<script type=\"application\/ld+json\" class=\"yoast-schema-graph\">{\"@context\":\"https:\\\/\\\/schema.org\",\"@graph\":[{\"@type\":\"WebPage\",\"@id\":\"https:\\\/\\\/immobilienbewertung-schoberth.de\\\/?page_id=58\",\"url\":\"https:\\\/\\\/immobilienbewertung-schoberth.de\\\/?page_id=58\",\"name\":\"Kontakt - Immobilienbewertung Sabine Schoberth\",\"isPartOf\":{\"@id\":\"https:\\\/\\\/immobilienbewertung-schoberth.de\\\/#website\"},\"primaryImageOfPage\":{\"@id\":\"https:\\\/\\\/immobilienbewertung-schoberth.de\\\/?page_id=58#primaryimage\"},\"image\":{\"@id\":\"https:\\\/\\\/immobilienbewertung-schoberth.de\\\/?page_id=58#primaryimage\"},\"thumbnailUrl\":\"https:\\\/\\\/immobilienbewertung-schoberth.de\\\/wp-content\\\/uploads\\\/2024\\\/03\\\/swutzart46-1.jpg\",\"datePublished\":\"2024-03-15T01:51:36+00:00\",\"dateModified\":\"2024-04-27T08:37:50+00:00\",\"description\":\"Nehmen Sie jetzt Kontakt mit uns auf, um eine Einsch\u00e4tzung und Gutachten f\u00fcr ihre Immobilie zu erhalten. Egal wo in Nordbayern.\",\"breadcrumb\":{\"@id\":\"https:\\\/\\\/immobilienbewertung-schoberth.de\\\/?page_id=58#breadcrumb\"},\"inLanguage\":\"de\",\"potentialAction\":[{\"@type\":\"ReadAction\",\"target\":[\"https:\\\/\\\/immobilienbewertung-schoberth.de\\\/?page_id=58\"]}]},{\"@type\":\"ImageObject\",\"inLanguage\":\"de\",\"@id\":\"https:\\\/\\\/immobilienbewertung-schoberth.de\\\/?page_id=58#primaryimage\",\"url\":\"https:\\\/\\\/immobilienbewertung-schoberth.de\\\/wp-content\\\/uploads\\\/2024\\\/03\\\/swutzart46-1.jpg\",\"contentUrl\":\"https:\\\/\\\/immobilienbewertung-schoberth.de\\\/wp-content\\\/uploads\\\/2024\\\/03\\\/swutzart46-1.jpg\",\"width\":1024,\"height\":615,\"caption\":\"Das Bild zeigt eine Vielzahl von Immobilien in der Stadt Bayreuth. Die Szene vermittelt einen Eindruck von der Vielfalt und Qualit\u00e4t der Immobilien, die die Immobilienbewerterin in ihrem Portfolio hat.\"},{\"@type\":\"BreadcrumbList\",\"@id\":\"https:\\\/\\\/immobilienbewertung-schoberth.de\\\/?page_id=58#breadcrumb\",\"itemListElement\":[{\"@type\":\"ListItem\",\"position\":1,\"name\":\"Startseite\",\"item\":\"https:\\\/\\\/immobilienbewertung-schoberth.de\\\/\"},{\"@type\":\"ListItem\",\"position\":2,\"name\":\"Kontakt\"}]},{\"@type\":\"WebSite\",\"@id\":\"https:\\\/\\\/immobilienbewertung-schoberth.de\\\/#website\",\"url\":\"https:\\\/\\\/immobilienbewertung-schoberth.de\\\/\",\"name\":\"Immobilienbewertung Schoberth\",\"description\":\"Expertin f\u00fcr pr\u00e4zise Immobilienbewertung\",\"publisher\":{\"@id\":\"https:\\\/\\\/immobilienbewertung-schoberth.de\\\/#organization\"},\"potentialAction\":[{\"@type\":\"SearchAction\",\"target\":{\"@type\":\"EntryPoint\",\"urlTemplate\":\"https:\\\/\\\/immobilienbewertung-schoberth.de\\\/?s={search_term_string}\"},\"query-input\":{\"@type\":\"PropertyValueSpecification\",\"valueRequired\":true,\"valueName\":\"search_term_string\"}}],\"inLanguage\":\"de\"},{\"@type\":\"Organization\",\"@id\":\"https:\\\/\\\/immobilienbewertung-schoberth.de\\\/#organization\",\"name\":\"Immobilienbewertung Schoberth\",\"url\":\"https:\\\/\\\/immobilienbewertung-schoberth.de\\\/\",\"logo\":{\"@type\":\"ImageObject\",\"inLanguage\":\"de\",\"@id\":\"https:\\\/\\\/immobilienbewertung-schoberth.de\\\/#\\\/schema\\\/logo\\\/image\\\/\",\"url\":\"https:\\\/\\\/immobilienbewertung-schoberth.de\\\/wp-content\\\/uploads\\\/2024\\\/04\\\/swutzart46-1.jpg\",\"contentUrl\":\"https:\\\/\\\/immobilienbewertung-schoberth.de\\\/wp-content\\\/uploads\\\/2024\\\/04\\\/swutzart46-1.jpg\",\"width\":1024,\"height\":615,\"caption\":\"Immobilienbewertung Schoberth\"},\"image\":{\"@id\":\"https:\\\/\\\/immobilienbewertung-schoberth.de\\\/#\\\/schema\\\/logo\\\/image\\\/\"}}]}<\/script>\n<!-- \/ Yoast SEO plugin. -->","yoast_head_json":{"title":"Kontakt - Immobilienbewertung Sabine Schoberth","description":"Nehmen Sie jetzt Kontakt mit uns auf, um eine Einsch\u00e4tzung und Gutachten f\u00fcr ihre Immobilie zu erhalten. Egal wo in Nordbayern.","robots":{"index":"index","follow":"follow","max-snippet":"max-snippet:-1","max-image-preview":"max-image-preview:large","max-video-preview":"max-video-preview:-1"},"canonical":"https:\/\/immobilienbewertung-schoberth.de\/?page_id=58","og_locale":"de_DE","og_type":"article","og_title":"Kontakt - Immobilienbewertung Sabine Schoberth","og_description":"Nehmen Sie jetzt Kontakt mit uns auf, um eine Einsch\u00e4tzung und Gutachten f\u00fcr ihre Immobilie zu erhalten. Egal wo in Nordbayern.","og_url":"https:\/\/immobilienbewertung-schoberth.de\/?page_id=58","og_site_name":"Immobilienbewertung Sabine Schoberth","article_modified_time":"2024-04-27T08:37:50+00:00","og_image":[{"url":"https:\/\/immobilienbewertung-schoberth.de\/wp-content\/uploads\/2024\/03\/swutzart46-1.jpg","type":"","width":"","height":""}],"schema":{"@context":"https:\/\/schema.org","@graph":[{"@type":"WebPage","@id":"https:\/\/immobilienbewertung-schoberth.de\/?page_id=58","url":"https:\/\/immobilienbewertung-schoberth.de\/?page_id=58","name":"Kontakt - Immobilienbewertung Sabine Schoberth","isPartOf":{"@id":"https:\/\/immobilienbewertung-schoberth.de\/#website"},"primaryImageOfPage":{"@id":"https:\/\/immobilienbewertung-schoberth.de\/?page_id=58#primaryimage"},"image":{"@id":"https:\/\/immobilienbewertung-schoberth.de\/?page_id=58#primaryimage"},"thumbnailUrl":"https:\/\/immobilienbewertung-schoberth.de\/wp-content\/uploads\/2024\/03\/swutzart46-1.jpg","datePublished":"2024-03-15T01:51:36+00:00","dateModified":"2024-04-27T08:37:50+00:00","description":"Nehmen Sie jetzt Kontakt mit uns auf, um eine Einsch\u00e4tzung und Gutachten f\u00fcr ihre Immobilie zu erhalten. Egal wo in Nordbayern.","breadcrumb":{"@id":"https:\/\/immobilienbewertung-schoberth.de\/?page_id=58#breadcrumb"},"inLanguage":"de","potentialAction":[{"@type":"ReadAction","target":["https:\/\/immobilienbewertung-schoberth.de\/?page_id=58"]}]},{"@type":"ImageObject","inLanguage":"de","@id":"https:\/\/immobilienbewertung-schoberth.de\/?page_id=58#primaryimage","url":"https:\/\/immobilienbewertung-schoberth.de\/wp-content\/uploads\/2024\/03\/swutzart46-1.jpg","contentUrl":"https:\/\/immobilienbewertung-schoberth.de\/wp-content\/uploads\/2024\/03\/swutzart46-1.jpg","width":1024,"height":615,"caption":"Das Bild zeigt eine Vielzahl von Immobilien in der Stadt Bayreuth. Die Szene vermittelt einen Eindruck von der Vielfalt und Qualit\u00e4t der Immobilien, die die Immobilienbewerterin in ihrem Portfolio hat."},{"@type":"BreadcrumbList","@id":"https:\/\/immobilienbewertung-schoberth.de\/?page_id=58#breadcrumb","itemListElement":[{"@type":"ListItem","position":1,"name":"Startseite","item":"https:\/\/immobilienbewertung-schoberth.de\/"},{"@type":"ListItem","position":2,"name":"Kontakt"}]},{"@type":"WebSite","@id":"https:\/\/immobilienbewertung-schoberth.de\/#website","url":"https:\/\/immobilienbewertung-schoberth.de\/","name":"Immobilienbewertung Schoberth","description":"Expertin f\u00fcr pr\u00e4zise Immobilienbewertung","publisher":{"@id":"https:\/\/immobilienbewertung-schoberth.de\/#organization"},"potentialAction":[{"@type":"SearchAction","target":{"@type":"EntryPoint","urlTemplate":"https:\/\/immobilienbewertung-schoberth.de\/?s={search_term_string}"},"query-input":{"@type":"PropertyValueSpecification","valueRequired":true,"valueName":"search_term_string"}}],"inLanguage":"de"},{"@type":"Organization","@id":"https:\/\/immobilienbewertung-schoberth.de\/#organization","name":"Immobilienbewertung Schoberth","url":"https:\/\/immobilienbewertung-schoberth.de\/","logo":{"@type":"ImageObject","inLanguage":"de","@id":"https:\/\/immobilienbewertung-schoberth.de\/#\/schema\/logo\/image\/","url":"https:\/\/immobilienbewertung-schoberth.de\/wp-content\/uploads\/2024\/04\/swutzart46-1.jpg","contentUrl":"https:\/\/immobilienbewertung-schoberth.de\/wp-content\/uploads\/2024\/04\/swutzart46-1.jpg","width":1024,"height":615,"caption":"Immobilienbewertung Schoberth"},"image":{"@id":"https:\/\/immobilienbewertung-schoberth.de\/#\/schema\/logo\/image\/"}}]}},"_links":{"self":[{"href":"https:\/\/immobilienbewertung-schoberth.de\/index.php?rest_route=\/wp\/v2\/pages\/58","targetHints":{"allow":["GET"]}}],"collection":[{"href":"https:\/\/immobilienbewertung-schoberth.de\/index.php?rest_route=\/wp\/v2\/pages"}],"about":[{"href":"https:\/\/immobilienbewertung-schoberth.de\/index.php?rest_route=\/wp\/v2\/types\/page"}],"author":[{"embeddable":true,"href":"https:\/\/immobilienbewertung-schoberth.de\/index.php?rest_route=\/wp\/v2\/users\/1"}],"replies":[{"embeddable":true,"href":"https:\/\/immobilienbewertung-schoberth.de\/index.php?rest_route=%2Fwp%2Fv2%2Fcomments&post=58"}],"version-history":[{"count":7,"href":"https:\/\/immobilienbewertung-schoberth.de\/index.php?rest_route=\/wp\/v2\/pages\/58\/revisions"}],"predecessor-version":[{"id":295,"href":"https:\/\/immobilienbewertung-schoberth.de\/index.php?rest_route=\/wp\/v2\/pages\/58\/revisions\/295"}],"wp:attachment":[{"href":"https:\/\/immobilienbewertung-schoberth.de\/index.php?rest_route=%2Fwp%2Fv2%2Fmedia&parent=58"}],"curies":[{"name":"wp","href":"https:\/\/api.w.org\/{rel}","templated":true}]}}