{"id":273,"date":"2024-04-23T02:26:05","date_gmt":"2024-04-23T02:26:05","guid":{"rendered":"https:\/\/immobilienbewertung-schoberth.de\/?page_id=273"},"modified":"2024-04-24T23:41:22","modified_gmt":"2024-04-24T23:41:22","slug":"taetigkeitsbereich-nordbayern","status":"publish","type":"page","link":"https:\/\/immobilienbewertung-schoberth.de\/?page_id=273","title":{"rendered":"T\u00e4tigkeitsbereich"},"content":{"rendered":"\n<div style=\"height:25px\" aria-hidden=\"true\" class=\"wp-block-spacer\"><\/div>\n\n\n\n<h2 class=\"wp-block-heading has-text-align-center\"><strong>T\u00e4tigkeitsbereich<\/strong><\/h2>\n\n\n\n<div style=\"height:25px\" aria-hidden=\"true\" class=\"wp-block-spacer\"><\/div>\n\n\n\n<div class=\"wp-block-media-text alignwide is-stacked-on-mobile is-style-default\" style=\"grid-template-columns:54% auto\"><figure class=\"wp-block-media-text__media\"><a href=\"https:\/\/maps.app.goo.gl\/w8DcWaNQmEYQTeUL8\"><img loading=\"lazy\" decoding=\"async\" width=\"1024\" height=\"723\" src=\"https:\/\/immobilienbewertung-schoberth.de\/wp-content\/uploads\/2024\/04\/Taetigkeitsbereich-1-1024x723.png\" alt=\"\" class=\"wp-image-275 size-full\" srcset=\"https:\/\/immobilienbewertung-schoberth.de\/wp-content\/uploads\/2024\/04\/Taetigkeitsbereich-1-1024x723.png 1024w, https:\/\/immobilienbewertung-schoberth.de\/wp-content\/uploads\/2024\/04\/Taetigkeitsbereich-1-300x212.png 300w, https:\/\/immobilienbewertung-schoberth.de\/wp-content\/uploads\/2024\/04\/Taetigkeitsbereich-1-768x543.png 768w, https:\/\/immobilienbewertung-schoberth.de\/wp-content\/uploads\/2024\/04\/Taetigkeitsbereich-1.png 1097w\" sizes=\"auto, (max-width: 1024px) 100vw, 1024px\" \/><\/a><\/figure><div class=\"wp-block-media-text__content\">\n<p>Mein Unternehmen hat seinen Standort in Harsdorf im Landkreis Kulmbach und fokussiert den T\u00e4tigkeitsbereich daher auf Immobiliengutachten in Nordbayern.<\/p>\n\n\n\n<p>Das Einzugsgebiet umfasst haupts\u00e4chlich St\u00e4dte wie Bayreuth, Bamberg, Hof und den Gro\u00dfraum N\u00fcrnberg. Durch unsere lokale Pr\u00e4senz und mein Fachwissen kennen wir den regionalen Immobilienmarkt und k\u00f6nnen fundierte Bewertungen durchf\u00fchren und Gutachten erstellen.<\/p>\n\n\n\n<p>Ich verstehe jedoch, dass die Bed\u00fcrfnisse unserer Kunden vielf\u00e4ltig sind. Deshalb sind wir auch bereit, unseren Radius f\u00fcr Gutachten von Immobilien zu erweitern. Wenn Sie au\u00dferhalb unseres Hauptgebietes eine Bewertung ben\u00f6tigen, stehe wir Ihnen gerne zur Verf\u00fcgung.<\/p>\n\n\n\n<p>Kontaktieren Sie uns einfach, und wir pr\u00fcfen gerne die M\u00f6glichkeiten, um Ihren Anforderungen gerecht zu werden.<\/p>\n<\/div><\/div>\n\n\n\n<div style=\"height:32px\" aria-hidden=\"true\" class=\"wp-block-spacer\"><\/div>\n\n\n\n<hr class=\"wp-block-separator alignwide has-text-color has-contrast-color has-alpha-channel-opacity has-contrast-background-color has-background is-style-wide\" style=\"margin-top:0;margin-bottom:0\"\/>\n\n\n\n<div style=\"height:20px\" aria-hidden=\"true\" class=\"wp-block-spacer\"><\/div>\n\n\n\n<h2 class=\"wp-block-heading alignwide\" id=\"we-re-a-studio-in-berlin-with-an-international-practice-in-architecture-urban-planning-and-interior-design-we-believe-in-sharing-knowledge-and-promoting-dialogue-to-increase-the-creative-potential-of-collaboration\" style=\"font-size:clamp(15.197px, 0.95rem + ((1vw - 3.2px) * 0.813), 23px);line-height:1.1\"><strong>Warum ist eine Einschr\u00e4nkung vom T\u00e4tigkeitsbereich notwendig und wichtig?<\/strong><\/h2>\n\n\n\n<div style=\"height:10px\" aria-hidden=\"true\" class=\"wp-block-spacer\"><\/div>\n\n\n\n<h2 class=\"wp-block-heading alignwide\" style=\"font-size:clamp(14px, 0.875rem + ((1vw - 3.2px) * 0.104), 15px);line-height:1.4\">Die Einschr\u00e4nkung des T\u00e4tigkeitsbereichs im Bereich der Immobilienbewertung ist ein wichtiger Schritt, der sowohl f\u00fcr die Kunden als auch f\u00fcr die Qualit\u00e4t der Bewertungen selbst von gro\u00dfer Bedeutung ist. Diese Ma\u00dfnahme tr\u00e4gt dazu bei, dass diejenigen, die Immobilien bewerten, spezialisiert und qualifiziert sind, um pr\u00e4zise und verl\u00e4ssliche Bewertungen abzugeben. <br><br>Hier sind einige Gr\u00fcnde, warum die Einschr\u00e4nkung des T\u00e4tigkeitsbereichs sinnvoll ist:<br><br><strong>Expertise und Spezialisierung<\/strong>: Durch die Einschr\u00e4nkung k\u00f6nnen Gutachter und Sachverst\u00e4ndige sich auf bestimmte Arten von Immobilien oder bestimmte Bewertungsanl\u00e4sse spezialisieren. Dadurch erlangen sie eine tiefgreifende Expertise in ihrem Bereich, was zu genaueren und fundierteren Bewertungen f\u00fchrt.<br><br><strong>Qualit\u00e4tskontrolle<\/strong>: Eine begrenzte T\u00e4tigkeitsbereich sorgt f\u00fcr eine bessere Qualit\u00e4tskontrolle. Gutachter m\u00fcssen die erforderlichen Qualifikationen und Erfahrungen nachweisen, um in ihrem spezialisierten Bereich arbeiten zu d\u00fcrfen. Dies tr\u00e4gt dazu bei, dass nur gut ausgebildete und erfahrene Fachleute Immobilienbewertungen durchf\u00fchren.<br><br><strong>Kundenzufriedenheit<\/strong>: Kunden profitieren von der Einschr\u00e4nkung, da sie sicher sein k\u00f6nnen, dass ihr Gutachter \u00fcber das erforderliche Fachwissen und die Erfahrung verf\u00fcgt, um eine genaue Bewertung vorzunehmen. Dies steigert die Zufriedenheit der Kunden und st\u00e4rkt das Vertrauen in die Bewertungsergebnisse.<br><br><strong>Vermeidung von Interessenkonflikten<\/strong>: Eine klare Einschr\u00e4nkung des T\u00e4tigkeitsbereichs hilft auch, Interessenkonflikte zu vermeiden. Gutachter k\u00f6nnen sich auf ihre spezialisierte T\u00e4tigkeit konzentrieren, ohne von anderen potenziell konfliktbehafteten Bereichen abgelenkt zu werden.<br><br><strong>Standardisierung und Transparenz<\/strong>: Die Einschr\u00e4nkung des T\u00e4tigkeitsbereichs erm\u00f6glicht eine bessere Standardisierung und Transparenz in der Bewertungspraxis. Kunden k\u00f6nnen die Qualifikationen und Spezialisierungen der Gutachter leichter nachvollziehen, was zu einem vertrauensw\u00fcrdigen und transparenten Bewertungsprozess beitr\u00e4gt.<br><br>Insgesamt f\u00f6rdert die Einschr\u00e4nkung des T\u00e4tigkeitsbereichs im Bereich der Immobilienbewertung eine professionelle und qualitativ hochwertige Bewertungspraxis, die den Bed\u00fcrfnissen der Kunden gerecht wird und das Vertrauen in die Immobilienbewertungsbranche st\u00e4rkt.<\/h2>\n\n\n\n<div style=\"height:64px\" aria-hidden=\"true\" class=\"wp-block-spacer\"><\/div>\n\n\n\n<div class=\"wp-block-cover alignfull is-light\" style=\"margin-top:0;margin-bottom:0;padding-top:var(--wp--preset--spacing--20);padding-right:var(--wp--preset--spacing--40);padding-bottom:var(--wp--preset--spacing--20);padding-left:var(--wp--preset--spacing--40);min-height:570px;aspect-ratio:unset;\"><span aria-hidden=\"true\" class=\"wp-block-cover__background has-background-dim-80 has-background-dim\" style=\"background-color:#b8b8b8\"><\/span><img decoding=\"async\" class=\"wp-block-cover__image-background wp-image-34\" alt=\"F\u00fcr professionelle Immobilienbewertung und Gutachten steht Ihnen mein Fachwissen als erfahrene Immobiliensachverst\u00e4ndige zur Verf\u00fcgung. Kontaktieren Sie mich f\u00fcr kompetente Beratung und fundierte Gutachten im Landkreis Bayreuth und dem Landkreis Kulmbach in Franken.\" src=\"https:\/\/immobilienbewertung-schoberth.de\/wp-content\/uploads\/2024\/03\/pexels-pixabay-209695.jpg\" style=\"object-position:47% 88%\" data-object-fit=\"cover\" data-object-position=\"47% 88%\"\/><div class=\"wp-block-cover__inner-container is-layout-flow wp-container-core-cover-is-layout-2c66bf42 wp-block-cover-is-layout-flow\">\n<div style=\"height:var(--wp--preset--spacing--50)\" aria-hidden=\"true\" class=\"wp-block-spacer\"><\/div>\n\n\n\n<h2 class=\"wp-block-heading has-text-align-center has-theme-5-color has-text-color has-link-color wp-elements-a855e5d13d9484e203c2a19f499d46ec\" style=\"font-size:clamp(2.111rem, 2.111rem + ((1vw - 0.2rem) * 2.815), 3.8rem);\">Lassen Sie ihre <br>Immobilie bewerten!<\/h2>\n\n\n\n<div class=\"wp-block-group has-global-padding is-layout-constrained wp-block-group-is-layout-constrained\">\n<p class=\"has-text-align-center\" style=\"font-size:clamp(0.875rem, 0.875rem + ((1vw - 0.2rem) * 0.542), 1.2rem);\">Nutzen Sie meine Expertise und Erfahrung, um eine fundierte Immobilienbewertung zu erhalten.<\/p>\n\n\n\n<div class=\"wp-block-buttons is-content-justification-center is-layout-flex wp-container-core-buttons-is-layout-a89b3969 wp-block-buttons-is-layout-flex\">\n<div class=\"wp-block-button has-custom-font-size has-medium-font-size\"><a class=\"wp-block-button__link has-base-2-color has-contrast-background-color has-text-color has-background has-link-color wp-element-button\" href=\"https:\/\/immobilienbewertung-schoberth.de\/?page_id=58\">Kontakt aufnehmen<\/a><\/div>\n<\/div>\n<\/div>\n\n\n\n<div style=\"height:var(--wp--preset--spacing--50)\" aria-hidden=\"true\" class=\"wp-block-spacer\"><\/div>\n<\/div><\/div>\n","protected":false},"excerpt":{"rendered":"<p>T\u00e4tigkeitsbereich Mein Unternehmen hat seinen Standort in Harsdorf im Landkreis Kulmbach und fokussiert den T\u00e4tigkeitsbereich daher auf Immobiliengutachten in Nordbayern. Das Einzugsgebiet umfasst haupts\u00e4chlich St\u00e4dte wie Bayreuth, Bamberg, Hof und den Gro\u00dfraum N\u00fcrnberg. Durch unsere lokale Pr\u00e4senz und mein Fachwissen kennen wir den regionalen Immobilienmarkt und k\u00f6nnen fundierte Bewertungen durchf\u00fchren und Gutachten erstellen. Ich verstehe [&hellip;]<\/p>\n","protected":false},"author":1,"featured_media":0,"parent":0,"menu_order":0,"comment_status":"closed","ping_status":"closed","template":"page-no-title","meta":{"footnotes":""},"class_list":["post-273","page","type-page","status-publish","hentry"],"yoast_head":"<!-- This site is optimized with the Yoast SEO plugin v27.5 - https:\/\/yoast.com\/product\/yoast-seo-wordpress\/ -->\n<title>T\u00e4tigkeitsbereich - Immobilienbewertung Sabine Schoberth<\/title>\n<meta name=\"description\" content=\"Erhalten Sie eine Einsch\u00e4tzung Ihrer Immobilie in meinem T\u00e4tigkeitsbereich in Nordbayern, Bayreuth, Kulmbach, Hof, Bamberg, N\u00fcrnberg.\" \/>\n<meta name=\"robots\" content=\"index, follow, max-snippet:-1, max-image-preview:large, max-video-preview:-1\" \/>\n<link rel=\"canonical\" href=\"https:\/\/immobilienbewertung-schoberth.de\/?page_id=273\" \/>\n<meta property=\"og:locale\" content=\"de_DE\" \/>\n<meta property=\"og:type\" content=\"article\" \/>\n<meta property=\"og:title\" content=\"T\u00e4tigkeitsbereich - Immobilienbewertung Sabine Schoberth\" \/>\n<meta property=\"og:description\" content=\"Erhalten Sie eine Einsch\u00e4tzung Ihrer Immobilie in meinem T\u00e4tigkeitsbereich in Nordbayern, Bayreuth, Kulmbach, Hof, Bamberg, N\u00fcrnberg.\" \/>\n<meta property=\"og:url\" content=\"https:\/\/immobilienbewertung-schoberth.de\/?page_id=273\" \/>\n<meta property=\"og:site_name\" content=\"Immobilienbewertung Sabine Schoberth\" \/>\n<meta property=\"article:modified_time\" content=\"2024-04-24T23:41:22+00:00\" \/>\n<meta property=\"og:image\" content=\"https:\/\/immobilienbewertung-schoberth.de\/wp-content\/uploads\/2024\/04\/Taetigkeitsbereich-1-1024x723.png\" \/>\n<script type=\"application\/ld+json\" class=\"yoast-schema-graph\">{\"@context\":\"https:\\\/\\\/schema.org\",\"@graph\":[{\"@type\":\"WebPage\",\"@id\":\"https:\\\/\\\/immobilienbewertung-schoberth.de\\\/?page_id=273\",\"url\":\"https:\\\/\\\/immobilienbewertung-schoberth.de\\\/?page_id=273\",\"name\":\"T\u00e4tigkeitsbereich - Immobilienbewertung Sabine Schoberth\",\"isPartOf\":{\"@id\":\"https:\\\/\\\/immobilienbewertung-schoberth.de\\\/#website\"},\"primaryImageOfPage\":{\"@id\":\"https:\\\/\\\/immobilienbewertung-schoberth.de\\\/?page_id=273#primaryimage\"},\"image\":{\"@id\":\"https:\\\/\\\/immobilienbewertung-schoberth.de\\\/?page_id=273#primaryimage\"},\"thumbnailUrl\":\"https:\\\/\\\/immobilienbewertung-schoberth.de\\\/wp-content\\\/uploads\\\/2024\\\/04\\\/Taetigkeitsbereich-1-1024x723.png\",\"datePublished\":\"2024-04-23T02:26:05+00:00\",\"dateModified\":\"2024-04-24T23:41:22+00:00\",\"description\":\"Erhalten Sie eine Einsch\u00e4tzung Ihrer Immobilie in meinem T\u00e4tigkeitsbereich in Nordbayern, Bayreuth, Kulmbach, Hof, Bamberg, N\u00fcrnberg.\",\"breadcrumb\":{\"@id\":\"https:\\\/\\\/immobilienbewertung-schoberth.de\\\/?page_id=273#breadcrumb\"},\"inLanguage\":\"de\",\"potentialAction\":[{\"@type\":\"ReadAction\",\"target\":[\"https:\\\/\\\/immobilienbewertung-schoberth.de\\\/?page_id=273\"]}]},{\"@type\":\"ImageObject\",\"inLanguage\":\"de\",\"@id\":\"https:\\\/\\\/immobilienbewertung-schoberth.de\\\/?page_id=273#primaryimage\",\"url\":\"https:\\\/\\\/immobilienbewertung-schoberth.de\\\/wp-content\\\/uploads\\\/2024\\\/04\\\/Taetigkeitsbereich-1.png\",\"contentUrl\":\"https:\\\/\\\/immobilienbewertung-schoberth.de\\\/wp-content\\\/uploads\\\/2024\\\/04\\\/Taetigkeitsbereich-1.png\",\"width\":1097,\"height\":775,\"caption\":\"Die Einrahmung Nordbayerns auf einer Bayern Karte zur Veranschaulichung des T\u00e4tigkeitsbereichs der Immobilienbewertung.\"},{\"@type\":\"BreadcrumbList\",\"@id\":\"https:\\\/\\\/immobilienbewertung-schoberth.de\\\/?page_id=273#breadcrumb\",\"itemListElement\":[{\"@type\":\"ListItem\",\"position\":1,\"name\":\"Startseite\",\"item\":\"https:\\\/\\\/immobilienbewertung-schoberth.de\\\/\"},{\"@type\":\"ListItem\",\"position\":2,\"name\":\"T\u00e4tigkeitsbereich\"}]},{\"@type\":\"WebSite\",\"@id\":\"https:\\\/\\\/immobilienbewertung-schoberth.de\\\/#website\",\"url\":\"https:\\\/\\\/immobilienbewertung-schoberth.de\\\/\",\"name\":\"Immobilienbewertung Schoberth\",\"description\":\"Expertin f\u00fcr pr\u00e4zise Immobilienbewertung\",\"publisher\":{\"@id\":\"https:\\\/\\\/immobilienbewertung-schoberth.de\\\/#organization\"},\"potentialAction\":[{\"@type\":\"SearchAction\",\"target\":{\"@type\":\"EntryPoint\",\"urlTemplate\":\"https:\\\/\\\/immobilienbewertung-schoberth.de\\\/?s={search_term_string}\"},\"query-input\":{\"@type\":\"PropertyValueSpecification\",\"valueRequired\":true,\"valueName\":\"search_term_string\"}}],\"inLanguage\":\"de\"},{\"@type\":\"Organization\",\"@id\":\"https:\\\/\\\/immobilienbewertung-schoberth.de\\\/#organization\",\"name\":\"Immobilienbewertung Schoberth\",\"url\":\"https:\\\/\\\/immobilienbewertung-schoberth.de\\\/\",\"logo\":{\"@type\":\"ImageObject\",\"inLanguage\":\"de\",\"@id\":\"https:\\\/\\\/immobilienbewertung-schoberth.de\\\/#\\\/schema\\\/logo\\\/image\\\/\",\"url\":\"https:\\\/\\\/immobilienbewertung-schoberth.de\\\/wp-content\\\/uploads\\\/2024\\\/04\\\/swutzart46-1.jpg\",\"contentUrl\":\"https:\\\/\\\/immobilienbewertung-schoberth.de\\\/wp-content\\\/uploads\\\/2024\\\/04\\\/swutzart46-1.jpg\",\"width\":1024,\"height\":615,\"caption\":\"Immobilienbewertung Schoberth\"},\"image\":{\"@id\":\"https:\\\/\\\/immobilienbewertung-schoberth.de\\\/#\\\/schema\\\/logo\\\/image\\\/\"}}]}<\/script>\n<!-- \/ Yoast SEO plugin. -->","yoast_head_json":{"title":"T\u00e4tigkeitsbereich - Immobilienbewertung Sabine Schoberth","description":"Erhalten Sie eine Einsch\u00e4tzung Ihrer Immobilie in meinem T\u00e4tigkeitsbereich in Nordbayern, Bayreuth, Kulmbach, Hof, Bamberg, N\u00fcrnberg.","robots":{"index":"index","follow":"follow","max-snippet":"max-snippet:-1","max-image-preview":"max-image-preview:large","max-video-preview":"max-video-preview:-1"},"canonical":"https:\/\/immobilienbewertung-schoberth.de\/?page_id=273","og_locale":"de_DE","og_type":"article","og_title":"T\u00e4tigkeitsbereich - Immobilienbewertung Sabine Schoberth","og_description":"Erhalten Sie eine Einsch\u00e4tzung Ihrer Immobilie in meinem T\u00e4tigkeitsbereich in Nordbayern, Bayreuth, Kulmbach, Hof, Bamberg, N\u00fcrnberg.","og_url":"https:\/\/immobilienbewertung-schoberth.de\/?page_id=273","og_site_name":"Immobilienbewertung Sabine Schoberth","article_modified_time":"2024-04-24T23:41:22+00:00","og_image":[{"url":"https:\/\/immobilienbewertung-schoberth.de\/wp-content\/uploads\/2024\/04\/Taetigkeitsbereich-1-1024x723.png","type":"","width":"","height":""}],"schema":{"@context":"https:\/\/schema.org","@graph":[{"@type":"WebPage","@id":"https:\/\/immobilienbewertung-schoberth.de\/?page_id=273","url":"https:\/\/immobilienbewertung-schoberth.de\/?page_id=273","name":"T\u00e4tigkeitsbereich - Immobilienbewertung Sabine Schoberth","isPartOf":{"@id":"https:\/\/immobilienbewertung-schoberth.de\/#website"},"primaryImageOfPage":{"@id":"https:\/\/immobilienbewertung-schoberth.de\/?page_id=273#primaryimage"},"image":{"@id":"https:\/\/immobilienbewertung-schoberth.de\/?page_id=273#primaryimage"},"thumbnailUrl":"https:\/\/immobilienbewertung-schoberth.de\/wp-content\/uploads\/2024\/04\/Taetigkeitsbereich-1-1024x723.png","datePublished":"2024-04-23T02:26:05+00:00","dateModified":"2024-04-24T23:41:22+00:00","description":"Erhalten Sie eine Einsch\u00e4tzung Ihrer Immobilie in meinem T\u00e4tigkeitsbereich in Nordbayern, Bayreuth, Kulmbach, Hof, Bamberg, N\u00fcrnberg.","breadcrumb":{"@id":"https:\/\/immobilienbewertung-schoberth.de\/?page_id=273#breadcrumb"},"inLanguage":"de","potentialAction":[{"@type":"ReadAction","target":["https:\/\/immobilienbewertung-schoberth.de\/?page_id=273"]}]},{"@type":"ImageObject","inLanguage":"de","@id":"https:\/\/immobilienbewertung-schoberth.de\/?page_id=273#primaryimage","url":"https:\/\/immobilienbewertung-schoberth.de\/wp-content\/uploads\/2024\/04\/Taetigkeitsbereich-1.png","contentUrl":"https:\/\/immobilienbewertung-schoberth.de\/wp-content\/uploads\/2024\/04\/Taetigkeitsbereich-1.png","width":1097,"height":775,"caption":"Die Einrahmung Nordbayerns auf einer Bayern Karte zur Veranschaulichung des T\u00e4tigkeitsbereichs der Immobilienbewertung."},{"@type":"BreadcrumbList","@id":"https:\/\/immobilienbewertung-schoberth.de\/?page_id=273#breadcrumb","itemListElement":[{"@type":"ListItem","position":1,"name":"Startseite","item":"https:\/\/immobilienbewertung-schoberth.de\/"},{"@type":"ListItem","position":2,"name":"T\u00e4tigkeitsbereich"}]},{"@type":"WebSite","@id":"https:\/\/immobilienbewertung-schoberth.de\/#website","url":"https:\/\/immobilienbewertung-schoberth.de\/","name":"Immobilienbewertung Schoberth","description":"Expertin f\u00fcr pr\u00e4zise Immobilienbewertung","publisher":{"@id":"https:\/\/immobilienbewertung-schoberth.de\/#organization"},"potentialAction":[{"@type":"SearchAction","target":{"@type":"EntryPoint","urlTemplate":"https:\/\/immobilienbewertung-schoberth.de\/?s={search_term_string}"},"query-input":{"@type":"PropertyValueSpecification","valueRequired":true,"valueName":"search_term_string"}}],"inLanguage":"de"},{"@type":"Organization","@id":"https:\/\/immobilienbewertung-schoberth.de\/#organization","name":"Immobilienbewertung Schoberth","url":"https:\/\/immobilienbewertung-schoberth.de\/","logo":{"@type":"ImageObject","inLanguage":"de","@id":"https:\/\/immobilienbewertung-schoberth.de\/#\/schema\/logo\/image\/","url":"https:\/\/immobilienbewertung-schoberth.de\/wp-content\/uploads\/2024\/04\/swutzart46-1.jpg","contentUrl":"https:\/\/immobilienbewertung-schoberth.de\/wp-content\/uploads\/2024\/04\/swutzart46-1.jpg","width":1024,"height":615,"caption":"Immobilienbewertung Schoberth"},"image":{"@id":"https:\/\/immobilienbewertung-schoberth.de\/#\/schema\/logo\/image\/"}}]}},"_links":{"self":[{"href":"https:\/\/immobilienbewertung-schoberth.de\/index.php?rest_route=\/wp\/v2\/pages\/273","targetHints":{"allow":["GET"]}}],"collection":[{"href":"https:\/\/immobilienbewertung-schoberth.de\/index.php?rest_route=\/wp\/v2\/pages"}],"about":[{"href":"https:\/\/immobilienbewertung-schoberth.de\/index.php?rest_route=\/wp\/v2\/types\/page"}],"author":[{"embeddable":true,"href":"https:\/\/immobilienbewertung-schoberth.de\/index.php?rest_route=\/wp\/v2\/users\/1"}],"replies":[{"embeddable":true,"href":"https:\/\/immobilienbewertung-schoberth.de\/index.php?rest_route=%2Fwp%2Fv2%2Fcomments&post=273"}],"version-history":[{"count":6,"href":"https:\/\/immobilienbewertung-schoberth.de\/index.php?rest_route=\/wp\/v2\/pages\/273\/revisions"}],"predecessor-version":[{"id":287,"href":"https:\/\/immobilienbewertung-schoberth.de\/index.php?rest_route=\/wp\/v2\/pages\/273\/revisions\/287"}],"wp:attachment":[{"href":"https:\/\/immobilienbewertung-schoberth.de\/index.php?rest_route=%2Fwp%2Fv2%2Fmedia&parent=273"}],"curies":[{"name":"wp","href":"https:\/\/api.w.org\/{rel}","templated":true}]}}